-1a35c (base 14) to base 6.
-1231554
-114a959 (base 12) to base 4
-30232203111
-11223030203 (base 4) to base 8
-5531443
Convert 87f896 (base 16) to base 3.
121202201120222
Convert c5934 (base 13) to base 8.
1265721
Convert 20102102122 (base 3) to base 15.
276db
-1a4daa (base 15) to base 5
-312012320
2241432 (base 6) to base 2
11011111011111100
-11011111001011011 (base 2) to base 14
-2d8dd
What is -2032112101 (base 4) in base 11?
-369072
1143214 (base 6) to base 2
1110101110111010
What is -16110 (base 14) in base 7?
-316420
Convert 336583 (base 9) to base 14.
53700
Convert 5330745 (base 8) to base 10.
1421797
Convert -66684 (base 12) to base 4.
-201021010
-4256066 (base 9) to base 2
-1000101100111010001101
What is -10404121 (base 6) in base 16?
-4c291
38a751 (base 13) to base 6
45134054
What is 8e7ab (base 15) in base 8?
1566542
Convert 10011011100111101011 (base 2) to base 13.
194193
-11436513 (base 7) to base 6
-33452400
What is 215810 (base 13) in base 8?
2772211
-428880 (base 9) to base 12
-1040a6
Convert -1326555 (base 7) to base 4.
-222301233
-12344200 (base 5) to base 13
-43593
Convert -20211021220 (base 3) to base 6.
-2513553
Convert 2113301312 (base 4) to base 8.
2276166
-27a5b (base 13) to base 6
-1331455
-5258850 (base 9) to base 5
-1210032013
What is 4431486 (base 9) in base 15?
321019
What is 55240 (base 8) in base 10?
23200
Convert -6aaae4 (base 15) to base 13.
-10969ba
What is 3717460 (base 9) in base 7?
23111235
Convert 5612414 (base 9) to base 4.
23201101033
1100011100111111100 (base 2) to base 6
12425100
What is -22120004 (base 6) in base 3?
-1020201020011
What is 207477 (base 10) in base 16?
32a75
What is 6389b0 (base 13) in base 12?
945b21
5506467 (base 8) to base 12
5b335b
What is 151541003 (base 7) in base 12?
3469632
Convert -2c6573 (base 15) to base 11.
-1237695
-14059 (base 14) to base 3
-2111212021
What is -2014534 (base 7) in base 4?
-322123231
-108a5dd (base 14) to base 11
-44924a6
Convert 12d3e0 (base 16) to base 7.
13326225
Convert 4066 (base 8) to base 6.
13422
Convert -1403333301 (base 5) to base 11.
-2021394
Convert 213020003 (base 4) to base 3.
22010211112
Convert 3152411 (base 6) to base 14.
405b9
What is -6606403 (base 7) in base 10?
-808993
Convert 86992 (base 12) to base 14.
48a62
What is 389a82 (base 12) in base 5?
214220344
Convert 21124040 (base 5) to base 12.
8636a
What is 210100120022 (base 4) in base 5?
4413114031
174610 (base 9) to base 8
323543
-1a887 (base 12) to base 7
-222331
What is 423102124 (base 5) in base 15?
24e25e
Convert -7760720 (base 8) to base 16.
-1fe1d0
3325028 (base 9) to base 6
102154555
-14807837 (base 10) to base 8
-70371435
Convert 2167365 (base 11) to base 6.
213252442
Convert -2030 (base 12) to base 4.
-312210
Convert -11111111110011000010111 (base 2) to base 7.
-131150150
What is dfe7 (base 16) in base 8?
157747
13110230 (base 4) to base 7
153311
-3311202 (base 4) to base 16
-3d62
Convert 104626 (base 7) to base 14.
6a4d
11000011101110110001 (base 2) to base 7
6546233
Convert -313423014 (base 5) to base 10.
-1311009
Convert 1067616 (base 13) to base 4.
103020100323
1001000011110110110 (base 2) to base 14
7a2a2
1071002 (base 8) to base 11
189976
151441110 (base 7) to base 9
20858526
1181b0 (base 13) to base 16
65fce
Convert -110101100010000 (base 2) to base 13.
-c624
What is -557a6d (base 16) in base 15?
-759c51
-19e1b (base 15) to base 10
-84176
What is 302116 (base 8) in base 11?
6875a
What is -4630661 (base 7) in base 8?
-2152642
Convert 50225313 (base 6) to base 9.
2602470
What is 124421 (base 10) in base 11?
85530
21211021111002 (base 3) to base 7
50230052
11324011413 (base 5) to base 14
1a53ad3
Convert -c9a4a6 (base 13) to base 9.
-8816606
What is -14120141 (base 5) in base 2?
-100011011010010110
What is 134422200 (base 5) in base 9?
1278310
Convert -73016 (base 11) to base 14.
-2ab4d
What is 129086a (base 13) in base 8?
26166454
-423302 (base 8) to base 14
-39550
Convert 187133 (base 9) to base 10.
116751
Convert 73514 (base 8) to base 9.
45803
Convert -110022201 (base 4) to base 6.
-1434213
2475ea (base 15) to base 3
10021201100211
Convert 1677453 (base 8) to base 14.
cb095
-2331626 (base 7) to base 3
-112220201022
What is 20ee54 (base 16) in base 15?
2c96c9
11312000234 (base 5) to base 6
1142345301
Convert 23a25 (base 11) to base 6.
423440
Convert 10331024 (base 6) to base 13.
a9bac
Convert -4ab00 (base 14) to base 2.
-101100101111011100
Convert -d5d67 (base 15) to base 11.
-423454
What is -100001001001 (base 2) in base 7?
-6120
Convert -22a4674 (base 11) to base 10.
-4017765
-1884 (base 16) to base 15
-1cd6
Convert -b4b56 (base 15) to base 3.
-1002002220200
Convert 32792 (base 10) to base 5.
2022132
What is 1000110000010000110 (base 2) in base 4?
1012002012
6edeba (base 15) to base 14
9c3d0c
-ba2a01 (base 12) to base 16
-2d0121
a25b (base 13) to base 5
1204014
Convert 6c206 (base 16) to base 12.
194372
-121110201122 (base 3) to base 8
-1171156
104aa21 (base 11) to base 15
26687d
Convert -6b468 (base 14) to base 13.
-92089
-1664113 (base 12) to base 15
-6110e3
Convert -109c2 (base 15) to base 10.
-52832
Convert 1b63b1 (base 14) to base 4.
3232223013
Convert -12005555 (base 8) to base 4.
-22000231231
What is -3c9c9 (base 15) in base 10?
-194589
What is -14a020 (base 14) in base 11?
-451187
-145784 (base 9) to base 8
-256755
Convert 338140b (base 12) to base 6.
551334415
Convert -675424 (base 10) to base 4.
-2210321200
Convert -22121011010 (base 4) to base 10.
-2724164
What is -1203312222 (base 4) in base 14?
-a90a6
64305 (base 8) to base 11
19173
-2212202000211 (base 3) to base 7
-16002130
124535 (base 10) to base 6
2400315
20406435 (base 8) to base 4
100200310131
What is 22471640 (base 9) in base 3?
202112101201100
Convert 580123 (base 13) to base 14.
3c3c75
1311311 (base 7) to base 11
1074a7
What is a455a (base 11) in base 4?
211031110
Convert 308091 (base 10) to base 4.
1023031323
What is -4024030 (base 5) in base 11?
-44313
1023302112 (base 5) to base 3
11002001001210
Convert -312647 (base 9) to base 14.
-4b95d
Convert -54000 (base 8) to base 3.
-1010220101
801972 (base 10) to base 6
25104500
What is 187652 (base 11) in base 10?
288279
-13530042 (base 7) to base 8
-4654056
Convert -a5675 (base 11) to base 9.
-254060
Convert 5b443 (base 13) to base 6.
3332223
3045306 (base 7) to base 9
614800
1243422 (base 7) to base 6
3250300
31506046 (base 7) to base 13
7283b6
What is -1014311142 (base 5) in base 3?
-10221220001001
Convert 13b092 (base 13) to base 12.
1b2612
-50727 (base 11) to base 5
-4332311
What is 232441411 (base 5) in base 16?
1034da
Convert 101331030113 (base 4) to base 12.
16b001b
1124210241 (base 5) to base 3
11211112121200
Convert 5110632 (base 9) to base 7.
32101511
What is -110221010022100 (base 3) in base 14?
-cac415
Convert 4b939 (base 12) to base 6.
2114113
-4501037 (base 8) to base 12
-4a5b3b
4a3b78 (base 12) to base 10
1209548
-32ba5b (base 13) to base 10
-1196934
Convert -424400200 (base 5) to base 9.
-3333561
5500400 (base 6) to base 10
272304
77570c (base 14) to base 13
ab9b3c
Convert 4719059 (base 10) to base 12.
16b6b2b
Convert 131121232 (base 4) to base 14.
31c62
What is -1101100100001001111 (base 2) in base 14?
-b7db9
-1817129 (base 12) to base 2
-10011000111000011110001
Convert -b5ade (base 15) to base 8.
-2145321
What is -321111200122 (base 4) in base 15?
-14bd64d
Convert cd7658 (base 14) to base 13.
15a22ac
What is 13023232 (base 5) in base 6?
2414312
What is -20565064 (base 7) in base 11?
-a93844
What is 192a867 (base 11) in base 2?
1100011101000010001101
What is -5a3764 (base 16) in base 13?
-12c0197
-3143213 (base 6) to base 9
-253700
-412200401 (base 5) to base 13
-469b44
Convert -64700 (base 10) to base 11.
-44679
-322365 (base 8) to base 7
-626120
Convert 592a73 (base 11) to base 13.
26c3ba
What is 6262ca (base 14) in base 3?
20020201021222
-201304401 (base 6) to base 16
-345751
What is -2344331231 (base 5) in base 16?
-5361f6
Convert 12211201221 (base 3) to base 8.
340457
426740 (base 8) to base 11
98333
Convert -21275723 (base 8) to base 11.
-2630282
Convert -2360346 (base 7) to base 4.
-1021110102
Convert -542514 (base 12) to base 10.
-1331296
Convert -11200 (base 9) to base 11.
-5665
Convert -344255 (base 7) to base 14.
-18